ded by 204?
198
What is the remainder when 73242 is divided by 90?
72
Calculate the remainder when 87723 is divided by 9746.
9
What is the remainder when 38547 is divided by 1243?
14
What is the remainder when 103874 is divided by 1673?
148
Calculate the remainder when 3839 is divided by 65.
4
What is the remainder when 2048 is divided by 997?
54
What is the remainder when 209150 is divided by 69701?
47
What is the remainder when 7227 is divided by 2294?
345
Calculate the remainder when 27105 is divided by 13539.
27
What is the remainder when 127611 is divided by 1?
0
What is the remainder when 2685 is divided by 62?
19
Calculate the remainder when 24912 is divided by 671.
85
Calculate the remainder when 5857 is divided by 254.
15
What is the remainder when 2479 is divided by 217?
92
What is the remainder when 49577 is divided by 1103?
1045
Calculate the remainder when 572711 is divided by 774.
725
Calculate the remainder when 3974 is divided by 309.
266
What is the remainder when 93589 is divided by 111?
16
Calculate the remainder when 34390 is divided by 1074.
22
What is the remainder when 11590 is divided by 5785?
20
Calculate the remainder when 27609 is divided by 563.
22
What is the remainder when 437333 is divided by 47?
45
Calculate the remainder when 8050 is divided by 4022.
6
Calculate the remainder when 30929 is divided by 4418.
3
Calculate the remainder when 82432 is divided by 3170.
12
Calculate the remainder when 143931 is divided by 298.
295
Calculate the remainder when 6913 is divided by 550.
313
What is the remainder when 407512 is divided by 25467?
40
Calculate the remainder when 135066 is divided by 993.
18
What is the remainder when 744273 is divided by 935?
13
What is the remainder when 789 is divided by 154?
19
Calculate the remainder when 92669 is divided by 598.
577
Calculate the remainder when 5851 is divided by 61.
56
What is the remainder when 149894 is divided by 2111?
13
Calculate the remainder when 7060 is divided by 133.
11
What is the remainder when 144623 is divided by 18?
11
What is the remainder when 534 is divided by 13?
1
What is the remainder when 153020 is divided by 19?
13
What is the remainder when 35064 is divided by 74?
62
Calculate the remainder when 135643 is divided by 98.
11
Calculate the remainder when 132396 is divided by 21.
12
Calculate the remainder when 42381 is divided by 48.
45
What is the remainder when 4869240 is divided by 697?
695
What is the remainder when 2684 is divided by 142?
128
What is the remainder when 42986 is divided by 811?
3
What is the remainder when 1865 is divided by 250?
115
Calculate the remainder when 21835 is divided by 36.
19
What is the remainder when 6305 is divided by 266?
187
What is the remainder when 12264 is divided by 3064?
8
What is the remainder when 10503 is divided by 114?
15
Calculate the remainder when 785 is divided by 707.
78
Calculate the remainder when 4016 is divided by 169.
129
Calculate the remainder when 3990 is divided by 1991.
8
What is the remainder when 139737 is divided by 794?
787
What is the remainder when 7681 is divided by 3835?
11
What is the remainder when 847 is divided by 626?
221
Calculate the remainder when 4466656 is divided by 21.
19
What is the remainder when 15131 is divided by 105?
11
Calculate the remainder when 425 is divided by 425.
0
Calculate the remainder when 5303 is divided by 575.
128
What is the remainder when 80948 is divided by 40462?
24
What is the remainder when 341304 is divided by 113768?
0
What is the remainder when 5728958 is divided by 9?
8
What is the remainder when 5011 is divided by 17?
13
Calculate the remainder when 5274 is divided by 1753.
15
Calculate the remainder when 11389 is divided by 1898.
1
What is the remainder when 3418 is divided by 483?
37
What is the remainder when 2706 is divided by 2193?
513
Calculate the remainder when 86462 is divided by 994.
978
Calculate the remainder when 11064239 is divided by 14.
11
Calculate the remainder when 8435 is divided by 467.
29
What is the remainder when 153782 is divided by 426?
422
Calculate the remainder when 16327 is divided by 172.
159
Calculate the remainder when 453245 is divided by 370.
365
Calculate the remainder when 2641 is divided by 2634.
7
Calculate the remainder when 90071 is divided by 336.
23
Calculate the remainder when 12341 is divided by 85.
16
What is the remainder when 16764 is divided by 1659?
174
What is the remainder when 880 is divided by 235?
175
What is the remainder when 47784 is divided by 270?
264
Calculate the remainder when 6338 is divided by 486.
20
What is the remainder when 302 is divided by 195?
107
Calculate the remainder when 310383 is divided by 40.
23
What is the remainder when 30484 is divided by 7473?
592
What is the remainder when 3965358 is divided by 80?
78
Calculate the remainder when 35709 is divided by 5937.
87
Calculate the remainder when 400 is divided by 268.
132
What is the remainder when 60145 is divided by 60137?
8
What is the remainder when 43900 is divided by 307?
306
What is the remainder when 5593 is divided by 2?
1
What is the remainder when 1303 is divided by 1210?
93
Calculate the remainder when 3362 is divided by 121.
95
Calculate the remainder when 49111 is divided by 12277.
3
Calculate the remainder when 19170 is divided by 18997.
173
Calculate the remainder when 203 is divided by 42.
35
What is the remainder when 22943 is divided by 309?
77
Calculate the remainder when 7785 is divided by 64.
41
What is the remainder when 3046 is divided by 345?
286
What is the remainder when 1343 is divided by 655?
33
What is the remainder when 5805 is divided by 36?
9
What is the remainder when 1185987 is divided by 395326?
9
What is the remainder when 3344 is divided by 753?
332
What is the remainder when 310741 is divided by 868?
865
What is the remainder when 1700829 is divided by 96?
93
What is the remainder when 5499 is divided by 121?
54
What is the remainder when 211508 is divided by 23500?
8
What is the remainder when 103019 is divided by 20?
19
What is the remainder when 32569 is divided by 5428?
1
Calculate the remainder when 95888 is divided by 86.
84
What is the remainder when 5052 is divided by 4504?
548
What is the remainder when 94588 is divided by 94?
24
Calculate the remainder when 258969 is divided by 1102.
1101
What is the remainder when 6061 is divided by 303?
1
What is the remainder when 6668 is divided by 27?
26
What is the remainder when 51111 is divided by 25538?
35
What is the remainder when 23256 is divided by 287?
9
Calculate the remainder when 3569 is divided by 3501.
68
Calculate the remainder when 65657 is divided by 43.
39
What is the remainder when 116867 is divided by 853?
6
What is the remainder when 117117 is divided by 976?
973
Calculate the remainder when 15443 is divided by 11.
10
What is the remainder when 2541905 is divided by 35?
30
Calculate the remainder when 10604 is divided by 114.
2
What is the remainder when 716037 is divided by 221?
218
What is the remainder when 9317 is divided by 89?
61
What is the remainder when 10245 is divided by 10158?
87
What is the remainder when 6303 is divided by 129?
111
What is the remainder when 1984229 is divided by 18?
17
Calculate the remainder when 32130 is divided by 594.
54
Calculate the remainder when 155695 is divided by 226.
207
What is the remainder when 2319 is divided by 48?
15
What is the remainder when 11401 is divided by 63?
61
What is the remainder when 55056 is divided by 266?
260
Calculate the remainder when 15458 is divided by 52.
14
What is the remainder when 147299 is divided by 915?
899
Calculate the remainder when 22456 is divided by 7480.
16
Calculate the remainder when 376 is divided by 318.
58
What is the remainder when 262 is divided by 5?
2
What is the remainder when 81982 is divided by 148?
138
Calculate the remainder when 952 is divided by 28.
0
What is the remainder when 1376 is divided by 340?
16
What is the remainder when 272590 is divided by 5242?
6
What is the remainder when 1100 is divided by 21?
8
What is the remainder when 30107 is divided by 193?
192
Calculate the remainder when 3016122 is divided by 21.
18
Calculate the remainder when 4741 is divided by 54.
43
What is the remainder 